
Is 4064571 a multiple of 147?
False
Is 16546383 a multiple of 282?
False
Does 3 divide 25892?
False
Does 434 divide 1595818?
True
Is 41 a factor of 1050953?
True
Does 232 divide 917945?
False
Is 13 a factor of 1763723?
True
Is 323224 a multiple of 44?
True
Is 18 a factor of 6662674?
False
Is 35 a factor of 170940?
True
Is 22973363 a multiple of 1208?
False
Is 5 a factor of 329583?
False
Does 766 divide 414406?
True
Is 222048 a multiple of 72?
True
Does 45 divide 82620?
True
Is 13 a factor of 311137?
False
Is 338571 a multiple of 616?
False
Is 805725 a multiple of 49?
False
Is 13 a factor of 72185?
False
Is 849 a factor of 6142150?
False
Does 580 divide 11795837?
False
Is 46306 a multiple of 26?
True
Is 162 a factor of 480625?
False
Is 45 a factor of 1200375?
True
Does 286 divide 716144?
True
Is 210 a factor of 5516213?
False
Is 36 a factor of 1286413?
False
Does 217 divide 1880254?
False
Is 2926382 a multiple of 81?
False
Is 67987 a multiple of 11?
False
Does 8 divide 208248?
True
Is 8028 a multiple of 223?
True
Does 33 divide 1703000?
False
Does 56 divide 89936?
True
Is 6 a factor of 45664?
False
Is 183079 a multiple of 10?
False
Does 3 divide 21004?
False
Is 40 a factor of 320918?
False
Is 1135017 a multiple of 47?
False
Is 19683684 a multiple of 36?
True
Is 1516073 a multiple of 25?
False
Does 257 divide 1302990?
True
Is 66 a factor of 1594916?
False
Is 8 a factor of 2362296?
True
Does 20 divide 1436080?
True
Is 563046 a multiple of 3?
True
Does 14 divide 2197636?
True
Is 300 a factor of 135000?
True
Is 151 a factor of 1237032?
False
Does 712 divide 2004280?
True
Is 22610647 a multiple of 1249?
True
Is 356 a factor of 708796?
True
Does 17 divide 5052695?
False
Is 1468830 a multiple of 55?
True
Is 319 a factor of 5111118?
False
Does 55 divide 164780?
True
Is 5824 a multiple of 26?
True
Does 19 divide 162645?
False
Does 1769 divide 5567043?
True
Is 1125 a factor of 1700629?
False
Does 17 divide 13276618?
False
Is 152944 a multiple of 3?
False
Does 576 divide 5448846?
False
Is 33 a factor of 14894286?
True
Is 785296 a multiple of 191?
False
Does 708 divide 1819327?
False
Is 301 a factor of 74623?
False
Is 20972 a multiple of 49?
True
Is 607530 a multiple of 563?
False
Does 60 divide 4254?
False
Is 24 a factor of 10361654?
False
Is 22684848 a multiple of 848?
True
Does 33 divide 8914181?
False
Is 10 a factor of 336647?
False
Does 26 divide 69082?
True
Is 51 a factor of 1719975?
True
Does 45 divide 1642788?
False
Is 14 a factor of 288638?
True
Does 54 divide 942020?
False
Is 39 a factor of 89699?
False
Is 48 a factor of 454464?
True
Is 18 a factor of 3884450?
False
Is 37 a factor of 3298513?
True
Is 65 a factor of 1810?
False
Is 623792 a multiple of 16?
True
Is 16402 a multiple of 139?
True
Is 94 a factor of 291776?
True
Is 2716334 a multiple of 505?
False
Does 5 divide 1519804?
False
Is 375246 a multiple of 54?
True
Is 1654714 a multiple of 214?
False
Is 11191023 a multiple of 19?
False
Is 65928 a multiple of 134?
True
Is 181 a factor of 403630?
True
Does 116 divide 19064252?
True
Is 94778 a multiple of 6?
False
Is 2705940 a multiple of 36?
True
Is 5260330 a multiple of 23?
True
Is 183 a factor of 924699?
True
Is 122 a factor of 21106?
True
Is 14 a factor of 3528?
True
Is 126264 a multiple of 14?
False
Is 14 a factor of 2190763?
False
Is 315765 a multiple of 5?
True
Is 48 a factor of 96288?
True
Does 23 divide 142807?
True
Is 31122 a multiple of 38?
True
Does 7 divide 1487157?
True
Is 876 a factor of 37030112?
False
Is 1359928 a multiple of 123?
False
Is 4 a factor of 359891?
False
Is 13772 a multiple of 220?
False
Is 258828 a multiple of 16?
False
Is 4 a factor of 5675800?
True
Does 71 divide 59569?
True
Is 11 a factor of 4149904?
True
Is 4733114 a multiple of 334?
True
Is 57834 a multiple of 189?
True
Is 54 a factor of 3597055?
False
Is 19289856 a multiple of 64?
True
Is 395893 a multiple of 705?
False
Is 372006 a multiple of 56?
False
Does 344 divide 5869816?
False
Is 22 a factor of 10976064?
True
Does 42 divide 11145688?
False
Is 99024 a multiple of 21?
False
Is 41 a factor of 299830?
False
Is 12929100 a multiple of 1420?
True
Is 22598725 a multiple of 25?
True
Does 25 divide 641234?
False
Is 94690 a multiple of 70?
False
Is 2 a factor of 379399?
False
Is 161 a factor of 277011?
False
Does 187 divide 263296?
True
Is 276592 a multiple of 59?
True
Is 145387 a multiple of 153?
False
Does 158 divide 3112442?
True
Is 312 a factor of 11910?
False
Is 25 a factor of 10208361?
False
Is 24 a factor of 354744?
True
Is 372062 a multiple of 313?
False
Is 349236 a multiple of 218?
True
Is 134 a factor of 5126165?
False
Does 40 divide 3277247?
False
Does 540 divide 4158429?
False
Does 9 divide 1643789?
False
Is 4 a factor of 3286004?
True
Is 65 a factor of 49280?
False
Is 1070453 a multiple of 39?
False
Is 116379 a multiple of 193?
True
Is 28 a factor of 840028?
True
Is 376563 a multiple of 260?
False
Is 89 a factor of 208343?
False
Is 116 a factor of 577332?
True
Is 2 a factor of 299176?
True
Is 287 a factor of 286251?
False
Does 143 divide 58626?
False
Does 19 divide 545927?
True
Is 273112 a multiple of 56?
True
Is 13263 a multiple of 12?
False
Does 101 divide 5814343?
False
Does 870 divide 660177?
False
Is 71 a factor of 1990840?
True
Is 12 a factor of 2552376?
True
Is 416873 a multiple of 12?
False
Does 414 divide 2517120?
True
Is 178 a factor of 30571298?
False
Is 54 a factor of 1807828?
False
Does 77 divide 184963?
False
Is 10 a factor of 2172361?
False
Is 27 a factor of 922833?
True
Does 39 divide 202995?
True
Is 19 a factor of 2119070?
True
Is 11810125 a multiple of 125?
True
Is 591995 a multiple of 19?
False
Does 461 divide 29965?
True
Does 238 divide 1453942?
True
Is 7643607 a multiple of 159?
True
Does 220 divide 2188999?
False
Is 635424 a multiple of 7?
False
Is 1685266 a multiple of 22?
True
Is 10 a factor of 146405?
False
Is 59 a factor of 314411?
True
Does 33 divide 140019?
True
Is 551200 a multiple of 800?
True
Is 300049 a multiple of 209?
False
Is 392 a factor of 8331568?
True
Is 250 a factor of 1534973?
False
Does 26 divide 119687?
False
Does 38 divide 6886246?
True
Is 25 a factor of 16902?
False
Is 210 a factor of 424410?
True
Is 155 a factor of 279375?
False
Is 31954 a multiple of 58?
False
Is 560574 a multiple of 126?
True
Is 52 a factor of 4149704?
True
Is 85044 a multiple of 114?
True
Is 11 a factor of 1594039?
False
Is 12377794 a multiple of 1469?
True
Is 6 a factor of 328842?
True
Is 10 a factor of 60830?
True
Is 6 a factor of 42312?
True
Is 51 a factor of 3153687?
True
Is 230298 a multiple of 2?
True
Is 402 a factor of 22935509?
False
Does 8 divide 407688?
True
Does 40 divide 24405?
False
Does 1125 divide 9832655?
False
Is 55395 a multiple of 45?
True
Is 5672448 a multiple of 576?
True
Does 323 divide 1634380?
True
Does 219 divide 19455518?
False
Does 811 divide 14255092?
False
Is 92 a factor of 65688?
True
Is 20 a factor of 12758?
False
Is 102 a factor of 51204?
True
Is 463 a factor of 1660318?
True
Does 52 divide 144691?
False
Is 727 a factor of 2118478?
True
Is 555 a factor of 19980?
True
Is 11816 a multiple of 8?
True
Does 22 divide 5790?
False
Is 64 a factor of 2132700?
False
Does 3 divide 273495?
True
Does 18 divide 5466186?
True
Is 432 a factor of 1211035?
False
Is 27 a factor of 28010?
False
Is 278 a factor of 136498?
True
Is 14887163 a multiple of 194?
False
Is 18 a factor of 2283948?
True
Is 1010 a factor of 1205115?
False
Is 2 a factor of 25682?
True
Does 100 divide 26438113?
False
Is 28 a factor of 437385?
False
Is 319 a factor of 1137554?
True
Is 388 a factor of 1967635?
False
Does 299 divide 1055769?
True
Is 1212141 a multiple of 74?
False
Is 453954 a multiple of 65?
False
Is 4 a factor of 501156?
True
Is 2113728 a multiple of 48?
True
Does 3 divide 139251?
True
Is 364854 a multiple of 119?
True
Does 65 divide 854923?
False
Does 58 divide 1831350?
True
Does 7 divide 88884?
False
Is 744255 a multiple of 149?
True
Is 543 a factor of 6670318?
False
Is 57 a factor of 2370003?
True
Does 33 divide 82896?
True
Is 1299 a factor of 1709553?
False
Does 17 divide 1801779?
True
Is 5 a factor of 1406100?
True
Is 3434282 a multiple of 331?
False
Does 6 divide 7536?
True
Is 7516618 a multiple of 18?
False
Is 25640 a multiple